ded by 12889?
815
What is the remainder when 36670 is divided by 11857?
1099
Calculate the remainder when 470400798 is divided by 1231.
1230
Calculate the remainder when 442931 is divided by 34040.
411
What is the remainder when 22424997 is divided by 60608?
37
Calculate the remainder when 179095 is divided by 1361.
804
Calculate the remainder when 822604 is divided by 1157.
1134
What is the remainder when 369160 is divided by 1766?
66
Calculate the remainder when 538629 is divided by 300.
129
What is the remainder when 15483648 is divided by 1209?
1194
What is the remainder when 978289 is divided by 3597?
3502
What is the remainder when 676621 is divided by 37441?
2683
Calculate the remainder when 14563645 is divided by 2458.
2453
What is the remainder when 36672 is divided by 5116?
860
Calculate the remainder when 56343968 is divided by 72.
8
What is the remainder when 6530983 is divided by 816360?
103
What is the remainder when 239938 is divided by 1929?
742
What is the remainder when 29682 is divided by 7351?
278
Calculate the remainder when 2802681 is divided by 13.
11
What is the remainder when 6927603 is divided by 692754?
63
Calculate the remainder when 3570009 is divided by 210.
9
What is the remainder when 1460261 is divided by 729814?
633
Calculate the remainder when 1627618 is divided by 22.
14
Calculate the remainder when 962819 is divided by 15044.
3
What is the remainder when 3267219 is divided by 466737?
60
What is the remainder when 265894 is divided by 1438?
1302
What is the remainder when 24921642 is divided by 7382?
10
What is the remainder when 295728642 is divided by 123?
111
Calculate the remainder when 274491952 is divided by 3894.
3892
Calculate the remainder when 277723988 is divided by 26.
22
Calculate the remainder when 91888 is divided by 13113.
97
What is the remainder when 469594 is divided by 2953?
67
What is the remainder when 13809 is divided by 45?
39
What is the remainder when 1259451 is divided by 629715?
21
Calculate the remainder when 185273 is divided by 1006.
169
Calculate the remainder when 1695650 is divided by 486.
482
What is the remainder when 10148374 is divided by 360?
334
What is the remainder when 515537 is divided by 571?
495
What is the remainder when 33004 is divided by 1547?
517
What is the remainder when 1715686 is divided by 1184?
70
What is the remainder when 22898098 is divided by 107?
98
Calculate the remainder when 2346094 is divided by 293261.
6
What is the remainder when 3147298 is divided by 786817?
30
Calculate the remainder when 2312793 is divided by 770928.
9
What is the remainder when 21452041 is divided by 11255?
11
What is the remainder when 3143 is divided by 2944?
199
Calculate the remainder when 3235275 is divided by 9.
0
What is the remainder when 5846840 is divided by 273?
272
Calculate the remainder when 1480529 is divided by 143.
50
Calculate the remainder when 8748894 is divided by 1833.
1818
Calculate the remainder when 3239230 is divided by 3239208.
22
What is the remainder when 598402 is divided by 333?
1
What is the remainder when 51627 is divided by 2864?
75
Calculate the remainder when 982449 is divided by 327404.
237
Calculate the remainder when 154181 is divided by 18804.
3749
Calculate the remainder when 20856798 is divided by 8756.
6
What is the remainder when 20816448 is divided by 577?
19
Calculate the remainder when 2268587 is divided by 980.
867
Calculate the remainder when 2822666 is divided by 1070.
6
Calculate the remainder when 3378464 is divided by 16.
0
Calculate the remainder when 99809949 is divided by 4022.
4019
What is the remainder when 40140903 is divided by 389?
382
What is the remainder when 58253819 is divided by 860?
859
What is the remainder when 650756 is divided by 2931?
74
Calculate the remainder when 8831791 is divided by 735962.
247
What is the remainder when 99866 is divided by 915?
131
What is the remainder when 3208576 is divided by 144?
112
What is the remainder when 152602247 is divided by 250?
247
What is the remainder when 492606 is divided by 289?
150
What is the remainder when 956509 is divided by 1042?
995
Calculate the remainder when 45836286 is divided by 2048.
2046
Calculate the remainder when 139279 is divided by 2930.
1569
Calculate the remainder when 48172 is divided by 7883.
874
Calculate the remainder when 1400647014 is divided by 33.
30
Calculate the remainder when 365878537 is divided by 663.
661
What is the remainder when 233514 is divided by 2812?
118
Calculate the remainder when 16630823 is divided by 5543583.
74
Calculate the remainder when 6026324 is divided by 304.
132
What is the remainder when 217082 is divided by 14?
12
What is the remainder when 9794263 is divided by 9794250?
13
Calculate the remainder when 15441885 is divided by 32.
29
Calculate the remainder when 116441 is divided by 114983.
1458
Calculate the remainder when 47151360 is divided by 2880.
0
Calculate the remainder when 21291380 is divided by 1514.
1512
Calculate the remainder when 51893 is divided by 191.
132
Calculate the remainder when 2619036 is divided by 7134.
858
Calculate the remainder when 19825 is divided by 1980.
25
What is the remainder when 97575741 is divided by 79?
76
What is the remainder when 87569017 is divided by 110?
107
Calculate the remainder when 27881 is divided by 27589.
292
Calculate the remainder when 1180407 is divided by 294.
291
Calculate the remainder when 5375877 is divided by 654.
651
Calculate the remainder when 216458 is divided by 1099.
1054
Calculate the remainder when 113694 is divided by 14139.
582
Calculate the remainder when 9855 is divided by 632.
375
What is the remainder when 434284 is divided by 3265?
39
Calculate the remainder when 28651814 is divided by 107.
103
What is the remainder when 1002374 is divided by 1724?
730
What is the remainder when 4818231 is divided by 647?
22
Calculate the remainder when 6225 is divided by 5441.
784
Calculate the remainder when 456354 is divided by 228077.
200
Calculate the remainder when 11191410 is divided by 847.
846
What is the remainder when 222095 is divided by 442?
211
Calculate the remainder when 60205 is divided by 8572.
201
What is the remainder when 32967639 is divided by 833?
831
Calculate the remainder when 13843902 is divided by 16.
14
What is the remainder when 633254 is divided by 126151?
2499
What is the remainder when 3952693 is divided by 3952646?
47
Calculate the remainder when 690641 is divided by 1258.
1257
Calculate the remainder when 64520510 is divided by 329.
320
What is the remainder when 493814 is divided by 14964?
2
What is the remainder when 67820 is divided by 13563?
5
What is the remainder when 1263837 is divided by 74343?
6
Calculate the remainder when 10731 is divided by 2539.
575
What is the remainder when 130331 is divided by 14470?
101
What is the remainder when 1288442 is divided by 23?
5
Calculate the remainder when 821549 is divided by 1701.
1667
What is the remainder when 7108193 is divided by 12?
5
What is the remainder when 539985 is divided by 125?
110
Calculate the remainder when 1594828 is divided by 1594483.
345
What is the remainder when 17703 is divided by 4290?
543
Calculate the remainder when 108586 is divided by 363.
49
What is the remainder when 46868 is divided by 781?
8
Calculate the remainder when 2308782 is divided by 29.
5
What is the remainder when 1036835 is divided by 29?
27
What is the remainder when 724256961 is divided by 27?
24
Calculate the remainder when 69699 is divided by 16990.
1739
What is the remainder when 84932 is divided by 6305?
2967
Calculate the remainder when 57500 is divided by 1495.
690
What is the remainder when 296116286 is divided by 64?
62
What is the remainder when 1117302 is divided by 964?
26
Calculate the remainder when 4300685 is divided by 957.
884
What is the remainder when 120988797 is divided by 3200?
3197
Calculate the remainder when 723266 is divided by 240911.
533
What is the remainder when 308913 is divided by 19285?
353
Calculate the remainder when 190554 is divided by 2165.
34
Calculate the remainder when 14755378 is divided by 186.
184
What is the remainder when 3527073 is divided by 95326?
11
What is the remainder when 17849291 is divided by 482413?
10
